?
False
Is 104866 composite?
True
Is 20261 composite?
False
Is 466787 prime?
True
Is 9386393 prime?
True
Is 111451 a prime number?
False
Is 959051 a prime number?
False
Is 35729 composite?
False
Is 249533 prime?
True
Is 9493 a composite number?
True
Is 114983 a prime number?
False
Is 476891 a composite number?
False
Is 223747 a prime number?
True
Is 3433 composite?
False
Is 41315 a composite number?
True
Is 6803 prime?
True
Is 31873 a composite number?
False
Is 263531 a prime number?
False
Is 862 prime?
False
Is 105743 a prime number?
False
Is 13649 prime?
True
Is 12809 a composite number?
False
Is 23357 a prime number?
True
Is 3829 a prime number?
False
Is 228967 a prime number?
False
Is 247 a composite number?
True
Is 17229 a composite number?
True
Is 5042 prime?
False
Is 91541 a composite number?
False
Is 57173 a prime number?
True
Is 28319 a prime number?
True
Is 40927 prime?
True
Is 94529 a prime number?
True
Is 28277 composite?
False
Is 180043 composite?
False
Is 11965 a composite number?
True
Is 6609 composite?
True
Is 5971 a composite number?
True
Is 20911 a composite number?
True
Is 3831 prime?
False
Is 39757 a composite number?
True
Is 9511 a prime number?
True
Is 785947 a prime number?
True
Is 5381 prime?
True
Is 33109 composite?
True
Is 2159915 composite?
True
Is 13751 a prime number?
True
Is 12071 composite?
False
Is 199 a composite number?
False
Is 100781 prime?
False
Is 355609 prime?
True
Is 1337 a prime number?
False
Is 49991 a composite number?
False
Is 5579 prime?
False
Is 22109 prime?
True
Is 226363 a composite number?
True
Is 2333 a prime number?
True
Is 129341 composite?
False
Is 17611 a prime number?
False
Is 15166 composite?
True
Is 3739 a prime number?
True
Is 24659 a prime number?
True
Is 7897 a prime number?
False
Is 10743 a prime number?
False
Is 141439 a prime number?
True
Is 13001 a composite number?
False
Is 485893 a composite number?
False
Is 1953755 a composite number?
True
Is 14799 a prime number?
False
Is 82651 composite?
False
Is 145081 prime?
False
Is 1498505 prime?
False
Is 141227 composite?
True
Is 119 a prime number?
False
Is 136487 prime?
False
Is 169801 composite?
True
Is 4471 a composite number?
True
Is 265999 a prime number?
False
Is 21469 composite?
True
Is 1267 a composite number?
True
Is 2053 prime?
True
Is 292133 a composite number?
False
Is 5989 a prime number?
False
Is 51839 prime?
True
Is 3147 composite?
True
Is 2147 prime?
False
Is 5611 prime?
False
Is 641 composite?
False
Is 4049 a composite number?
False
Is 976439 a prime number?
True
Is 20245 a prime number?
False
Is 519143 prime?
False
Is 58811 a prime number?
False
Is 246823 a prime number?
False
Is 1721041 composite?
True
Is 108587 composite?
False
Is 40839 prime?
False
Is 103078 a composite number?
True
Is 22115 prime?
False
Is 12941 composite?
False
Is 103001 a prime number?
True
Is 184993 composite?
False
Is 32905 a prime number?
False
Is 6271 composite?
False
Is 23597 prime?
False
Is 711811 prime?
True
Is 38993 a composite number?
False
Is 14971 a prime number?
False
Is 113891 a prime number?
True
Is 119549 composite?
False
Is 16601 a prime number?
False
Is 1507459 a prime number?
False
Is 29771 prime?
False
Is 694609 composite?
False
Is 979 prime?
False
Is 8819 composite?
False
Is 1312277 a composite number?
False
Is 146161 prime?
True
Is 5729 prime?
False
Is 1427485 a composite number?
True
Is 887 prime?
True
Is 1824991 prime?
False
Is 737843 composite?
False
Is 37151 a prime number?
False
Is 80477 a prime number?
False
Is 37721 a prime number?
False
Is 1207265 a prime number?
False
Is 12071 prime?
True
Is 544877 a prime number?
True
Is 76417 prime?
False
Is 342695 composite?
True
Is 4547 prime?
True
Is 10587 a prime number?
False
Is 272893 prime?
False
Is 785341 prime?
True
Is 18947 a composite number?
False
Is 8465 prime?
False
Is 23899 composite?
False
Is 34649 a composite number?
False
Is 18143 composite?
False
Is 14143 a composite number?
False
Is 1219 a prime number?
False
Is 795281 a composite number?
True
Is 2797 a prime number?
True
Is 34721 composite?
False
Is 16495 a composite number?
True
Is 84454 composite?
True
Is 34787 a prime number?
False
Is 14029 prime?
True
Is 95701 prime?
True
Is 233171 composite?
True
Is 278029 a prime number?
True
Is 1194241 a prime number?
True
Is 565661 composite?
False
Is 2053 a composite number?
False
Is 35251 a composite number?
False
Is 61001 a composite number?
False
Is 34199 a prime number?
False
Is 207923 a prime number?
True
Is 23251 prime?
True
Is 16162 composite?
True
Is 505 a composite number?
True
Is 142733 a prime number?
True
Is 67679 composite?
False
Is 10171 prime?
False
Is 61241 prime?
False
Is 8209 prime?
True
Is 3778 a composite number?
True
Is 58549 composite?
False
Is 1457 a prime number?
False
Is 23915 a composite number?
True
Is 629 prime?
False
Is 25523 composite?
False
Is 555347 a prime number?
False
Is 272149 composite?
True
Is 8563 a prime number?
True
Is 469289 a prime number?
False
Is 15517 prime?
False
Is 37159 a prime number?
True
Is 553039 a composite number?
True
Is 526795 a composite number?
True
Is 109679 prime?
False
Is 109651 prime?
False
Is 719 prime?
True
Is 51371 composite?
True
Is 246401 a prime number?
False
Is 11027 prime?
True
Is 137551 a prime number?
False
Is 12079 composite?
True
Is 105701 a prime number?
True
Is 991693 a prime number?
True
Is 878479 a composite number?
True
Is 839 a prime number?
True
Is 388681 composite?
True
Is 42259 a prime number?
False
Is 69211 a prime number?
False
Is 101449 a composite number?
False
Is 18481 a composite number?
False
Is 5218 composite?
True
Is 907 a prime number?
True
Is 418246 a prime number?
False
Is 164729 prime?
True
Is 33227 a composite number?
True
Is 25007 a prime number?
False
Is 29009 prime?
True
Is 1439 a prime number?
True
Is 70271 a composite number?
False
Is 15529 a composite number?
True
Is 1176757 a prime number?
False
Is 1005397 a composite number?
True
Is 19829 composite?
True
Is 4759 a prime number?
True
Is 3907 prime?
True
Is 233 a composite number?
False
Is 152257 prime?
False
Is 83407 a prime number?
True
Is 95611 composite?
True
Is 36289 composite?
True
Is 26179 composite?
True
Is 433499 a prime number?
False
Is 25937 a composite number?
True
Is 27149 a composite number?
True
Is 328463 a prime number?
False
Is 2999 composite?
False
Is 104943 prime?
False
Is 6563 a prime number?
True
Is 192433 prime?
False
Is 110543 a composite number?
False
Is 546433 a prime number?
False
Is 6751489 a composite number?
True
Is 143263 a composite number?
False
Is 655717 a composite number?
False
Is 27031 a prime number?
True
Is 35201 prime?
True
Is 40927 a composite number?
False
Is 517901 a composite number?
False
Is 121115 a composite number?
True
Is 363719 prime?
True
Is 1066669 composite?
False
Is 3280565 prime?
False
Is 37337 a composite number?
False
Is 79363 composite?
True
Is 87539 composite?
False
Is 963785 a composite number?
True
Is 524237 a composite number?
True
Is 111029 a prime number?
True
Is 243841 a composite number?
True
Is 2453 a prime number?
False
Is 1777 prime?
True
Is 183797 a composite number?
False
Is 7754 prime?
False
Is 95987 prime?
True
Is 51589 a composite number?
True
Is 10729 prime?
True
Is 166759 a composite number?
True
Is 86981 a composite number?
False
Is 2537 a prime number?
False
Is 420671 prime?
True
Is 146477 a composite number?
False
Is 13811 composite?
True
Is 26759 prime?
True
Is 187703 a prime number?
False
Is 766861 prime?
True
Is 338659 a prime number?
True
Is 67385 prime?
False
Is 142466 composite?
True
Is 13463 prime?
True
Is 33395 a composite number?
True
Is 378839 a prime number?
False
Is 364411 a prime number?
True
Is 2396237 a composite number?
False
Is 5003 a composite number?
False
Is 412679 a composite number?
True
Is 646253 a prime number?
True
Is 28115 composite?
True
Is 2251753 composite?
True
Is 808679 composite?
False
Is 262209 a prime number?
False
Is 306643 a prime number?
True
Is 3415 prime?
False
Is 11197 a prime number?
True
Is 1109 a composite number?
False
Is 18107 composite?
True
Is 267859 a composite number?
True
Is 138617 a prime number?
True
Is 37799 composite?
False
Is 268403 a composite number?
False
Is 8376805 composite?
T